

{"id":340,"date":"2019-08-27T16:20:23","date_gmt":"2019-08-27T14:20:23","guid":{"rendered":"http:\/\/tatoulu.org\/?page_id=340"},"modified":"2020-12-14T09:22:48","modified_gmt":"2020-12-14T08:22:48","slug":"selections-prix-2020","status":"publish","type":"page","link":"https:\/\/tatoulu.org\/index.php\/selections-prix-2020\/","title":{"rendered":"S\u00e9lections prix 2020"},"content":{"rendered":"\n<p class=\"supp-marge-basse\"> Voici les livres qui ont \u00e9t\u00e9 s\u00e9lectionn\u00e9s pour le prix Tatoulu 2020 : <\/p>\n\n\n\n<p class=\"texte-rouge has-small-font-size\"><em>(aucun livre n&rsquo;a \u00e9t\u00e9 prim\u00e9 en 2020 en raison de la crise du covid 19 : les groupes n&rsquo;ont pas pu se r\u00e9unir pour attribuer les prix)<\/em><\/p>\n\n\n\n<div class=\"tab-categorie has-small-font-size\">\n<table>\n<tbody><tr>\n<td colspan=\"2\" class=\"centrage fond-rose\">S\u00e9lection TATOU ROSE<\/td>\n<\/tr>\n<tr>\n<td class=\"centrage fond-rose\">Titre<\/td>\n<td class=\"centrage fond-rose\">Auteur<\/td>\n<\/tr>\n<tr>\n<td>A moi <em>(Ed. du Rouergue)<\/em><\/td>\n<td>Maxime Rivoal<\/td>\n<\/tr>\n<tr>\n<td>Pas de g\u00e9ant <em>(Ed. des \u00e9l\u00e9phants)<\/em><\/td>\n<td>Ana\u00efs Lambert<\/td>\n<\/tr>\n<tr>\n<td>Une histoire tr\u00e8s en retard <em>(Ed. Seuil Jeunesse)<\/em><\/td>\n<td>Mariana Coppo<\/td>\n<\/tr>\n<tr>\n<td>Les cailloux <em>(Ed. Chaudeigne)<\/em><\/td>\n<td>Elea Dos Santos<\/td>\n<\/tr>\n<tr>\n<td>Je suis triste <em>(Ed. Les 400 coups)<\/em><\/td>\n<td>Micha\u00ebl Ian Black \/ Debbie Ridpath Dhi<\/td>\n<\/tr>\n<tr>\n<td>L\u00e9opold, l&rsquo;ogre et le loup <em>(Ed. Alice)<\/em><\/td>\n<td>Julie B\u00e9laval<\/td>\n<\/tr>\n<\/tbody>\n<\/table>\n<\/div>\n\n\n\n<div class=\"tab-categorie has-small-font-size\">\n<table>\n<tbody>\n<tr>\n<td class=\"centrage fond-jaune\" colspan=\"2\">S\u00e9lection TATOU JAUNE<\/td>\n<\/tr>\n<tr>\n<td class=\"centrage fond-jaune\">Titre<\/td>\n<td class=\"centrage fond-jaune\">Auteur<\/td>\n<\/tr>\n<tr>\n<td>La ligne <em>(Ed. Frimousse)<\/em><\/td>\n<td>Fr\u00e9d\u00e9ric Maupom\u00e9 \/ St\u00e9phane S\u00e9n\u00e9gas<\/td>\n<\/tr>\n<tr>\n<td>Une super histoire de cow-boy <em>(Ed. Les fourmis rouges)<\/em><\/td>\n<td>Delphine Perret<\/td>\n<\/tr>\n<tr>\n<td>Quand les poules auront des dents <em>(Ed. Seuil Jeunesse)<\/em><\/td>\n<td>Andr\u00e9 Bouchard<\/td>\n<\/tr>\n<tr>\n<td>Mon bison <em>(Ed. Memo)<\/em><\/td>\n<td>Gaya Wishiewski<\/td>\n<\/tr>\n<tr>\n<td>Bienvenue <em>(Ed. A pas de loups)<\/em><\/td>\n<td>Rapha\u00eble Frier \/ Laurent Corvaisier<\/td>\n<\/tr>\n<tr>\n<td>Mister Black <em>(Ed. Les fourmis rouges)<\/em><\/td>\n<td>Catalina Gonzalez Vilar \/ Miguel Pang<\/td>\n<\/tr><\/tbody>\n<\/table>\n<\/div>\n\n\n\n<div class=\"tab-categorie has-small-font-size\">\n<table>\n<tbody><tr>\n<td colspan=\"2\" class=\"centrage fond-vert\">S\u00e9lection TATOU VERT<\/td>\n<\/tr>\n<tr>\n<td class=\"centrage fond-vert\">Titre<\/td>\n<td class=\"centrage fond-vert\">Auteur<\/td>\n<\/tr>\n<tr>\n<td>Tiens-toi droite ! <em>(Ed. Milan)<\/em><\/td>\n<td>R\u00e9mi Courgeon<\/td>\n<\/tr>\n<tr>\n<td>La bonne place <em>(Ed. A pas de loups)<\/em><\/td>\n<td>Cl\u00e9mence Sabbagh \/ Fran\u00e7oise Rogier<\/td>\n<\/tr>\n<tr>\n<td>Des lions m\u00eame pas en cage <em>(Ed. Pourquoi pas)<\/em><\/td>\n<td>Arnaud Tiercelin \/ Ella Coutance<\/td>\n<\/tr>\n<tr>\n<td>Pablo et Floyd sur le bord de l&rsquo;invisible <em>(Ed. du Rouergue)<\/em><\/td>\n<td>Michel Galvin<\/td>\n<\/tr>\n<tr>\n<td>La fileuse de brume <em>(Ed. Alice)<\/em><\/td>\n<td>Agn\u00e8s de Lestrade \/ Valeria Docampo<\/td>\n<\/tr>\n<tr>\n<td>La princesse au don perdu <em>(Ed. de la Martini\u00e8re)<\/em><\/td>\n<td>Paule Ferrier \/ Xavi\u00e8re Devos<\/td>\n<\/tr>\n<\/tbody>\n<\/table>\n<\/div>\n\n\n\n<div class=\"tab-categorie has-small-font-size\">\n<table>\n<tbody><tr>\n<td colspan=\"2\" class=\"centrage fond-bleu\">S\u00e9lection TATOU BLEU<\/td>\n<\/tr>\n<tr>\n<td class=\"centrage fond-bleu\">Titre<\/td>\n<td class=\"centrage fond-bleu\">Auteur<\/td>\n<\/tr>\n<tr>\n<td>La lionne, le vieil homme et la petite fille <em>(Ed. Pourquoi pas)<\/em><\/td>\n<td>Nathaniel \/ Yves-Marie Cl\u00e9ment<\/td>\n<\/tr>\n<tr>\n<td>Le tr\u00e9sor de Barracuda <em>(Ed. Ecole des loisirs)<\/em><\/td>\n<td>Llanas Campos Martinez \/ Anne-Cohen Beucher \/ Nicolas Pitz<\/td>\n<\/tr>\n<tr>\n<td>Hama\u00efka et le poisson <em>(Ed. Meme)<\/em><\/td>\n<td>Pierre Zapolarrua<\/td>\n<\/tr>\n<tr>\n<td>L&rsquo;enfant errant <em>(Ed. Atelier du poisson soluble)<\/em><\/td>\n<td>Gilles Aufray \/ Marion Janin<\/td>\n<\/tr>\n<tr>\n<td>Une petite place sur cette terre <em>(Ed. Syros)<\/em><\/td>\n<td>H\u00e9l\u00e8ne Montardre<\/td>\n<\/tr>\n<tr>\n<td>Vue sur mer <em>(Ed. Magnard)<\/em><\/td>\n<td>Jo Hoestland<\/td>\n<\/tr>\n<\/tbody>\n<\/table>\n<\/div>\n\n\n\n<div class=\"tab-categorie has-small-font-size\">\n<table>\n<tbody>\n<tr>\n<td class=\"centrage fond-violet\" colspan=\"2\">S\u00e9lection TATOU VIOLET<\/td>\n<\/tr>\n<tr>\n<td class=\"centrage fond-violet\">Titre<\/td>\n<td class=\"centrage fond-violet\">Auteur<\/td>\n<\/tr>\n<tr>\n<td>L&rsquo;enfant errant <em>(Ed. Atelier du poisson soluble)<\/em><\/td>\n<td>Gilles Aufray \/ Marion Janin<\/td>\n<\/tr>\n<tr>\n<td>Une petite place sur cette terre <em>(Ed. Syros)<\/em><\/td>\n<td>H\u00e9l\u00e8ne Montardre<\/td>\n<\/tr>\n<tr>\n<td>Vue sur mer <em>(Ed. Magnard)<\/em><\/td>\n<td>Jo Hoestland<\/td>\n<\/tr>\n<tr>\n<td>Mille et une miettes <em>(Ed. Pourquoi pas)<\/em><\/td>\n<td>Thomas Scotto \/ Madeleine Pereira<\/td>\n<\/tr>\n<tr>\n<td>Peppo <em>(Ed. Bayard)<\/em><\/td>\n<td>S\u00e9verine Vidal<\/td>\n<\/tr>\n<tr>\n<td>A la belle \u00e9toile <em>(Ed. Le Muscadier)<\/em><\/td>\n<td>Eric Sanvoisin<\/td>\n<\/tr>\n<\/tbody>\n<\/table>\n<\/div>\n\n\n\n<div class=\"tab-categorie has-small-font-size\">\n<table>\n<tbody>\n<tr>\n<td colspan=\"2\" class=\"centrage fond-rouge\">S\u00e9lection TATOU ROUGE<\/td>\n<\/tr>\n<tr>\n<td class=\"centrage fond-rouge\">Titre<\/td>\n<td class=\"centrage fond-rouge\">Auteur<\/td>\n<\/tr>\n<tr>\n<td>Lettre aux bourreaux de ma soeur <em>(Ed. Oskar)<\/em><\/td>\n<td>Gwladys Constant<\/td>\n<\/tr>\n<tr>\n<td>Les \u00e9trangers <em>(Ed. Ecole des loisirs)<\/em><\/td>\n<td>Pessan Solminhac<\/td>\n<\/tr>\n<tr>\n<td>La fosse aux loups <em>(Ed. Thierry Magnier)<\/em><\/td>\n<td>Alexandre Chardin<\/td>\n<\/tr>\n<tr>\n<\/tr><tr>\n<td>Mille et une miettes <em>(Ed. Pourquoi pas)<\/em><\/td>\n<td>Thomas Scotto \/ Madeleine Pereira<\/td>\n<\/tr>\n<tr>\n<td>Peppo <em>(Ed. Bayard)<\/em><\/td>\n<td>S\u00e9verine Vidal<\/td>\n<\/tr>\n<tr>\n<td>A la belle \u00e9toile <em>(Ed. Le Muscadier)<\/em><\/td>\n<td>Eric Sanvoisin<\/td>\n<\/tr>\n<\/tbody>\n<\/table>\n<\/div>\n\n\n\n<div class=\"tab-categorie has-small-font-size\">\n<table>\n<tbody>\n<tr>\n<td class=\"centrage\" colspan=\"2\">S\u00e9lection TATOU BLANC<\/td>\n<\/tr>\n<tr>\n<td class=\"centrage\">Titre<\/td>\n<td class=\"centrage\">Auteur<\/td>\n<\/tr>\n<tr>\n<td>Milly Vidovic <em>(Ed. Memo)<\/em><\/td>\n<td>Nastasia Rugani<\/td>\n<\/tr>\n<tr>\n<td>Titan noir <em>(Ed. du Rouergue)<\/em><\/td>\n<td>Florence Aubry<\/td>\n<\/tr>\n<tr>\n<td>Swimming pool <em>(Ed. Rageot)<\/em><\/td>\n<td>Sarah Crosson<\/td>\n<\/tr>\n<tr>\n<td>Le chant noir des baleines <em>(Ed. Talents hauts)<\/em><\/td>\n<td>Nicolas Michel<\/td>\n<\/tr>\n<tr>\n<td>Oph\u00e9lie <em>(Ed. Alice)<\/em><\/td>\n<td>Charlotte Gingras<\/td>\n<\/tr>\n<tr>\n<td>Le banc au milieu du monde <em>(Ed. Alice)<\/em><\/td>\n<td>Paul Verrept<\/td>\n<\/tr>\n<\/tbody>\n<\/table>\n<\/div>\n\n\n\n<div class=\"tab-categorie has-small-font-size\">\n<table>\n<tbody>\n<tr>\n<td class=\"centrage fond-noir\" colspan=\"2\">S\u00e9lection TATOU NOIR<\/td>\n<\/tr>\n<tr>\n<td class=\"centrage fond-noir\">Titre<\/td>\n<td class=\"centrage fond-noir\">Auteur<\/td>\n<\/tr>\n<tr>\n<td>La proie <em>(Ed. Sarbacane)<\/em><\/td>\n<td>Philippe Arnaud<\/td>\n<\/tr>\n<tr>\n<td>Intime id\u00e9e <em>(Ed. Hugo Roman)<\/em><\/td>\n<td>Nicolas Dagon<\/td>\n<\/tr>\n<tr>\n<td>Nos vies en l&rsquo;air <em>(Ed. Rageot)<\/em><\/td>\n<td>Manon Fargetton<\/td>\n<\/tr>\n<tr>\n<td>Fr\u00e8res d&rsquo;\u00e2me <em>(Ed. Seuil)<\/em><\/td>\n<td>David Diop<\/td>\n<\/tr>\n<tr>\n<td>Tu seras mon arbre <em>(Ed. Thierry Magnier)<\/em><\/td>\n<td>Valentine Goby \/ Fr\u00e9d\u00e9ric Rebena<\/td>\n<\/tr>\n<tr>\n<td>Un si petit oiseau <em>(Ed. Flammarion)<\/em><\/td>\n<td>Marie Pavlenko<\/td>\n<\/tr>\n<\/tbody>\n<\/table><\/div>\n","protected":false},"excerpt":{"rendered":"<p>Voici les livres qui ont \u00e9t\u00e9 s\u00e9lectionn\u00e9s pour le prix Tatoulu 2020 : (aucun livre n&rsquo;a \u00e9t\u00e9 prim\u00e9 en 2020 en raison de la crise du covid 19 : les groupes n&rsquo;ont pas pu se r\u00e9unir pour attribuer les prix) S\u00e9lection TATOU ROSE Titre Auteur A moi (Ed. du Rouergue) Maxime Rivoal Pas de g\u00e9ant &hellip; <a href=\"https:\/\/tatoulu.org\/index.php\/selections-prix-2020\/\" class=\"more-link\">Continuer la lecture<span class=\"screen-reader-text\"> de &laquo;&nbsp;S\u00e9lections prix 2020&nbsp;&raquo;<\/span><\/a><\/p>\n","protected":false},"author":5,"featured_media":0,"parent":0,"menu_order":0,"comment_status":"closed","ping_status":"closed","template":"","meta":{"footnotes":""},"class_list":["post-340","page","type-page","status-publish","hentry"],"_links":{"self":[{"href":"https:\/\/tatoulu.org\/index.php\/wp-json\/wp\/v2\/pages\/340","targetHints":{"allow":["GET"]}}],"collection":[{"href":"https:\/\/tatoulu.org\/index.php\/wp-json\/wp\/v2\/pages"}],"about":[{"href":"https:\/\/tatoulu.org\/index.php\/wp-json\/wp\/v2\/types\/page"}],"author":[{"embeddable":true,"href":"https:\/\/tatoulu.org\/index.php\/wp-json\/wp\/v2\/users\/5"}],"replies":[{"embeddable":true,"href":"https:\/\/tatoulu.org\/index.php\/wp-json\/wp\/v2\/comments?post=340"}],"version-history":[{"count":15,"href":"https:\/\/tatoulu.org\/index.php\/wp-json\/wp\/v2\/pages\/340\/revisions"}],"predecessor-version":[{"id":571,"href":"https:\/\/tatoulu.org\/index.php\/wp-json\/wp\/v2\/pages\/340\/revisions\/571"}],"wp:attachment":[{"href":"https:\/\/tatoulu.org\/index.php\/wp-json\/wp\/v2\/media?parent=340"}],"curies":[{"name":"wp","href":"https:\/\/api.w.org\/{rel}","templated":true}]}}