

{"id":660,"date":"2021-01-09T09:54:59","date_gmt":"2021-01-09T08:54:59","guid":{"rendered":"http:\/\/tatoulu.org\/?page_id=660"},"modified":"2021-01-09T09:54:59","modified_gmt":"2021-01-09T08:54:59","slug":"selections-prix-2012","status":"publish","type":"page","link":"https:\/\/tatoulu.org\/index.php\/selections-prix-2012\/","title":{"rendered":"S\u00e9lections prix 2012"},"content":{"rendered":"\n<p>Voici les livres qui ont \u00e9t\u00e9 s\u00e9lectionn\u00e9s pour le prix Tatoulu 2013 :<\/p>\n\n\n\n<p class=\"texte-rouge supp-marge-haute has-small-font-size\"><em>(les livres prim\u00e9s sont en rouge)<\/em><\/p>\n\n\n\n<!-- ROSE -->\n<div class=\"tab-categorie has-small-font-size\">\n<table>\n<tbody>\n<tr>\n<td colspan=\"2\" class=\"centrage fond-rose\">S\u00e9lection TATOU ROSE<\/td>\n<\/tr>\n<tr>\n<td class=\"centrage fond-rose\">Titre<\/td>\n<td class=\"centrage fond-rose\">Auteur<\/td>\n<\/tr>\n<tr>\n<td class=\"texte-rouge\">Le voleur d&rsquo;enfants <em>(Ed. Chocolat)<\/em><\/td>\n<td class=\"texte-rouge\">Micha\u00ebl Escoffier \/ Cl\u00e9ment Lef\u00e8vre<\/td>\n<\/tr>\n<tr>\n<td>Petit maladroit <em>(Ed. La joie de lire)<\/em><\/td>\n<td>Giusi Quarenghi \/ Chiara Carrer<\/td>\n<\/tr>\n<tr>\n<td>Terminus <em>(Ed. Le Bonhomme vert)<\/em><\/td>\n<td>Cartier-Lange<\/td>\n<\/tr>\n<tr>\n<td>Sur ma t\u00eate <em>(Ed. Pastel)<\/em><\/td>\n<td>Emile Jadoul<\/td>\n<\/tr>\n<tr>\n<td>Cousa <em>(Ed. Ecole des Loisirs)<\/em><\/td>\n<td>Adrien Albert<\/td>\n<\/tr>\n<tr>\n<td>Prem&rsquo;s, deu&rsquo;z, troi&rsquo;z <em>(Ed. Pastel)<\/em><\/td>\n<td>Michel Van Zeveren<\/td>\n<\/tr>\n<\/tbody>\n<\/table>\n<\/div>\n\n\n\n<!-- JAUNE-->\n<div class=\"tab-categorie has-small-font-size\">\n<table>\n<tbody>\n<tr>\n<td colspan=\"2\" class=\"centrage fond-jaune\">S\u00e9lection TATOU JAUNE<\/td>\n<\/tr>\n<tr>\n<td class=\"centrage fond-jaune\">Titre<\/td>\n<td class=\"centrage fond-jaune\">Auteur<\/td>\n<\/tr>\n<tr>\n<td>Le gar\u00e7on au coeur plein d&rsquo;amour <em>(Ed. Motus)<\/em><\/td>\n<td>Fran\u00e7ois David \/ Stasys Eidrigevicius<\/td>\n<\/tr>\n<tr>\n<td>Super Beige <em>(Ed. Le vengeur masqu\u00e9)<\/em><\/td>\n<td>Samuel Ribeyron<\/td>\n<\/tr>\n<tr>\n<td>Nez rouge <em>(Ed. Seuil Jeunesse)<\/em><\/td>\n<td>Martine Delerm<\/td>\n<\/tr>\n<tr>\n<td>Bonjour les hirondelles <em>(Ed. Les albums Casterman)<\/em><\/td>\n<td>H\u00e9l\u00e8ne Suzzoni \/ Isabelle Arsenault<\/td>\n<\/tr>\n<tr>\n<td>Les oiseaux <em>(Ed. La joie par les livres)<\/em><\/td>\n<td>Germano Zullo<\/td>\n<\/tr>\n<tr>\n<td class=\"texte-rouge\">La surprise <em>(Ed. Thierry Magnier)<\/em><\/td>\n<td class=\"texte-rouge\">Nadia Roman<\/td>\n<\/tr>\n<\/tbody>\n<\/table>\n<\/div>\n\n\n\n<!-- VERT -->\n<div class=\"tab-categorie has-small-font-size\">\n<table>\n<tbody>\n<tr>\n<td colspan=\"2\" class=\"centrage fond-vert\">S\u00e9lection TATOU VERT<\/td>\n<\/tr>\n<tr>\n<td class=\"centrage fond-vert\">Titre<\/td>\n<td class=\"centrage fond-vert\">Auteur<\/td>\n<\/tr>\n<tr>\n<td>Le roi des sables <em>(Ed. Seuil Jeunesse)<\/em><\/td>\n<td>Thierry Dedieu<\/td>\n<\/tr>\n<tr>\n<td>Triste sort ou l&rsquo;huluberlu de Morneville <em>(Ed. Les 400 coups)<\/em><\/td>\n<td>Jean-Pierre Davidts \/ Manon Gauthier<\/td>\n<\/tr>\n<tr>\n<td>La r\u00e8gle d&rsquo;or du cache-cache <em>(Ed. Actes Sud Junior)<\/em><\/td>\n<td>Christophe Honor\u00e9 \/ Gwen le Gac<\/td>\n<\/tr>\n<tr>\n<td>La b\u00eate et les petits poissons qui se ressemblent beaucoup <em>(Ed. Hong-Fe\u00ef)<\/em><\/td>\n<td>Shih Pei-Chun \/ G\u00e9raldine Aliben<\/td>\n<\/tr>\n<tr>\n<td>La princesse parfaite <em>(Ed. Thierry Magnier)<\/em><\/td>\n<td>Fr\u00e9d\u00e9ric Kessler \/ Val\u00e9rie Dumas<\/td>\n<\/tr>\n<tr>\n<td class=\"texte-rouge\">Un indien dans mon jardin <em>(Ed. Dacodac)<\/em><\/td>\n<td class=\"texte-rouge\">Agn\u00e8s de Lestrade<\/td>\n<\/tr>\n<\/tbody>\n<\/table>\n<\/div>\n\n\n\n<!-- BLEU -->\n<div class=\"tab-categorie has-small-font-size\">\n<table>\n<tbody>\n<tr>\n<td colspan=\"2\" class=\"centrage fond-bleu\">S\u00e9lection TATOU BLEU<\/td>\n<\/tr>\n<tr>\n<td class=\"centrage fond-bleu\">Titre<\/td>\n<td class=\"centrage fond-bleu\">Auteur<\/td>\n<\/tr>\n<tr>\n<td class=\"texte-rouge\">Ma m\u00e8re z\u00e9ro <em>(Ed. Seuil)<\/em><\/td>\n<td class=\"texte-rouge\">Marjolijn Hof<\/td>\n<\/tr>\n<tr>\n<td>Les sorci\u00e8res de Skelleftestad <em>(Ed. Ecole des loisirs)<\/em><\/td>\n<td>Jean-Fran\u00e7ois Chabas<\/td>\n<\/tr>\n<tr>\n<td>Paradiso <em>(Ed. Editions de l&rsquo;\u00e9dune)<\/em><\/td>\n<td>Franck Pr\u00e9vot \/ Carole Chaix<\/td>\n<\/tr>\n<tr>\n<td>L&rsquo;homme invisible <em>(Ed. Circonflexe)<\/em><\/td>\n<td>Rapaport<\/td>\n<\/tr>\n<tr>\n<td>Les invit\u00e9s <em>(Ed. Thierry Magnier)<\/em><\/td>\n<td>Charlotte Moundlic<\/td>\n<\/tr>\n<tr>\n<td>La derni\u00e8re ann\u00e9e <em>(Ed. Oskar)<\/em><\/td>\n<td>Thierry Lenain et Beno\u00eet Morel<\/td>\n<\/tr>\n<\/tbody>\n<\/table>\n<\/div>\n\n\n\n<!-- ROUGE -->\n<div class=\"tab-categorie has-small-font-size\">\n<table>\n<tbody>\n<tr>\n<td colspan=\"2\" class=\"centrage fond-rouge\">S\u00e9lection TATOU ROUGE<\/td>\n<\/tr>\n<tr>\n<td class=\"centrage fond-rouge\">Titre<\/td>\n<td class=\"centrage fond-rouge\">Auteur<\/td>\n<\/tr>\n<tr>\n<td>A la mode <em>(Ed. Thierry Magnier)<\/em><\/td>\n<td>Jean Lecointre<\/td>\n<\/tr>\n<tr>\n<td>Le b\u00e9b\u00e9 tomb\u00e9 du train <em>(Ed. Oskar)<\/em><\/td>\n<td>Jo Hoestland<\/td>\n<\/tr>\n<tr>\n<td>Granpa <em>(Ed. Thierry Magnier)<\/em><\/td>\n<td>Christophe L\u00e9on<\/td>\n<\/tr>\n<tr>\n<td>Un flingue et du chocolat <em>(Ed. Milan poche)<\/em><\/td>\n<td>Otsuichi<\/td>\n<\/tr>\n<tr>\n<td class=\"texte-rouge\">J&rsquo;ai le vertige <em>(Ed. Alice Jeunesse)<\/em><\/td>\n<td class=\"texte-rouge\">Jennifer Roy<\/td>\n<\/tr>\n<tr>\n<td>Je suis un Hikikonori <em>(Ed. Mijade)<\/em><\/td>\n<td>Florence Aubry<\/td>\n<\/tr>\n<\/tbody>\n<\/table>\n<\/div>\n\n\n\n<!-- BLANC-->\n<div class=\"tab-categorie has-small-font-size\">\n<table>\n<tbody>\n<tr>\n<td colspan=\"2\" class=\"centrage\">S\u00e9lection TATOU BLANC<\/td>\n<\/tr>\n<tr>\n<td class=\"centrage\">Titre<\/td>\n<td class=\"centrage\">Auteur<\/td>\n<\/tr>\n<tr>\n<td>Prisonniers du chaos <em>(Ed. Thierry Magnier)<\/em><\/td>\n<td>Roland Godel<\/td>\n<\/tr>\n<tr>\n<td>Echec et but ! <em>(Ed. Sarbacane)<\/em><\/td>\n<td>Axl Cendres<\/td>\n<\/tr>\n<tr>\n<td>La fourmili\u00e8re <em>(Ed. Ecole des loisirs)<\/em><\/td>\n<td>Jenny Valentine<\/td>\n<\/tr>\n<tr>\n<td>Un papillon sauvage <em>(Ed. Oc\u00e9an Fictions Ado)<\/em><\/td>\n<td>Jo\u00eblle Ecormier<\/td>\n<\/tr>\n<tr>\n<td class=\"texte-rouge\">Des \u00e9toiles au plafond <em>(Ed. Thierry Magnier)<\/em><\/td>\n<td class=\"texte-rouge\">Johanna Thydell<\/td>\n<\/tr>\n<tr>\n<td>Les mots qui tuent <em>(Ed. Sarbacane)<\/em><\/td>\n<td>Agn\u00e8s de Lestrade<\/td>\n<\/tr>\n<\/tbody>\n<\/table>\n<\/div>\n\n\n\n<!-- NOIR -->\n<div class=\"tab-categorie has-small-font-size\">\n<table>\n<tbody>\n<tr>\n<td colspan=\"2\" class=\"centrage fond-noir\">S\u00e9lection TATOU NOIR<\/td>\n<\/tr>\n<tr>\n<td class=\"centrage fond-noir\">Titre<\/td>\n<td class=\"centrage fond-noir\">Auteur<\/td>\n<\/tr>\n<tr>\n<td>Tout le monde est une idole <em>(Ed. Thierry Magnier)<\/em><\/td>\n<td>Marie Sophie Vermot<\/td>\n<\/tr>\n<tr>\n<td class=\"texte-rouge\">50 minutes avec toi <em>(Ed. Actes Sud Junior)<\/em><\/td>\n<td class=\"texte-rouge\">Cathy Ytak<\/td>\n<\/tr>\n<tr>\n<td>Daddy est mort <em>(Ed. Sarbacane)<\/em><\/td>\n<td>Insa San\u00e9<\/td>\n<\/tr>\n<tr>\n<td>Quelle mouche nous pique ? <em>(Ed. Thierry Magnier)<\/em><\/td>\n<td>Herv\u00e9 Giraud<\/td>\n<\/tr>\n<tr>\n<td>Angie M <em>(Ed. de l&rsquo;\u00e9dune)<\/em><\/td>\n<td>Rascal \/ Alfred<\/td>\n<\/tr>\n<tr>\n<td>L&rsquo;\u00e9toile noire <em>(Ed. Gulf Stream)<\/em><\/td>\n<td>Lilian Bathelot<\/td>\n<\/tr>\n<\/tbody>\n<\/table>\n<\/div>\n","protected":false},"excerpt":{"rendered":"<p>Voici les livres qui ont \u00e9t\u00e9 s\u00e9lectionn\u00e9s pour le prix Tatoulu 2013 : (les livres prim\u00e9s sont en rouge) S\u00e9lection TATOU ROSE Titre Auteur Le voleur d&rsquo;enfants (Ed. Chocolat) Micha\u00ebl Escoffier \/ Cl\u00e9ment Lef\u00e8vre Petit maladroit (Ed. La joie de lire) Giusi Quarenghi \/ Chiara Carrer Terminus (Ed. Le Bonhomme vert) Cartier-Lange Sur ma t\u00eate &hellip; <a href=\"https:\/\/tatoulu.org\/index.php\/selections-prix-2012\/\" class=\"more-link\">Continuer la lecture<span class=\"screen-reader-text\"> de &laquo;&nbsp;S\u00e9lections prix 2012&nbsp;&raquo;<\/span><\/a><\/p>\n","protected":false},"author":5,"featured_media":0,"parent":0,"menu_order":0,"comment_status":"closed","ping_status":"closed","template":"","meta":{"footnotes":""},"class_list":["post-660","page","type-page","status-publish","hentry"],"_links":{"self":[{"href":"https:\/\/tatoulu.org\/index.php\/wp-json\/wp\/v2\/pages\/660","targetHints":{"allow":["GET"]}}],"collection":[{"href":"https:\/\/tatoulu.org\/index.php\/wp-json\/wp\/v2\/pages"}],"about":[{"href":"https:\/\/tatoulu.org\/index.php\/wp-json\/wp\/v2\/types\/page"}],"author":[{"embeddable":true,"href":"https:\/\/tatoulu.org\/index.php\/wp-json\/wp\/v2\/users\/5"}],"replies":[{"embeddable":true,"href":"https:\/\/tatoulu.org\/index.php\/wp-json\/wp\/v2\/comments?post=660"}],"version-history":[{"count":14,"href":"https:\/\/tatoulu.org\/index.php\/wp-json\/wp\/v2\/pages\/660\/revisions"}],"predecessor-version":[{"id":682,"href":"https:\/\/tatoulu.org\/index.php\/wp-json\/wp\/v2\/pages\/660\/revisions\/682"}],"wp:attachment":[{"href":"https:\/\/tatoulu.org\/index.php\/wp-json\/wp\/v2\/media?parent=660"}],"curies":[{"name":"wp","href":"https:\/\/api.w.org\/{rel}","templated":true}]}}